rime factors of 13163.
13163
What are the prime factors of 13304?
2, 1663
What are the prime factors of 3129?
3, 7, 149
What are the prime factors of 3696?
2, 3, 7, 11
List the prime factors of 1189.
29, 41
List the prime factors of 19834.
2, 47, 211
List the prime factors of 15922.
2, 19, 419
What are the prime factors of 3569?
43, 83
List the prime factors of 7204.
2, 1801
What are the prime factors of 36726?
2, 3, 6121
What are the prime factors of 6006?
2, 3, 7, 11, 13
List the prime factors of 20454.
2, 3, 7, 487
What are the prime factors of 148984?
2, 11, 1693
What are the prime factors of 1977?
3, 659
List the prime factors of 938.
2, 7, 67
What are the prime factors of 8258?
2, 4129
What are the prime factors of 1179?
3, 131
What are the prime factors of 680?
2, 5, 17
What are the prime factors of 150?
2, 3, 5
List the prime factors of 82977.
3, 17, 1627
What are the prime factors of 20851?
29, 719
List the prime factors of 53.
53
List the prime factors of 3132.
2, 3, 29
What are the prime factors of 1650?
2, 3, 5, 11
What are the prime factors of 4376?
2, 547
List the prime factors of 22602.
2, 3, 3767
What are the prime factors of 1618?
2, 809
What are the prime factors of 166595?
5, 11, 13, 233
List the prime factors of 199185.
3, 5, 7, 271
What are the prime factors of 5568?
2, 3, 29
What are the prime factors of 23?
23
List the prime factors of 1440.
2, 3, 5
List the prime factors of 6678.
2, 3, 7, 53
List the prime factors of 569.
569
What are the prime factors of 1077?
3, 359
What are the prime factors of 615?
3, 5, 41
What are the prime factors of 2295?
3, 5, 17
List the prime factors of 4803.
3, 1601
What are the prime factors of 14363?
53, 271
List the prime factors of 700.
2, 5, 7
List the prime factors of 589.
19, 31
List the prime factors of 26019.
3, 7, 59
What are the prime factors of 15325?
5, 613
What are the prime factors of 796?
2, 199
List the prime factors of 20719.
20719
What are the prime factors of 18647?
29, 643
List the prime factors of 6632.
2, 829
List the prime factors of 71.
71
What are the prime factors of 5278?
2, 7, 13, 29
List the prime factors of 21023.
21023
What are the prime factors of 1066?
2, 13, 41
What are the prime factors of 31604?
2, 7901
What are the prime factors of 16967?
19, 47
List the prime factors of 60100.
2, 5, 601
What are the prime factors of 92258?
2, 163, 283
List the prime factors of 17386.
2, 8693
List the prime factors of 2905.
5, 7, 83
What are the prime factors of 12021?
3, 4007
What are the prime factors of 10788?
2, 3, 29, 31
What are the prime factors of 3611?
23, 157
List the prime factors of 14785.
5, 2957
What are the prime factors of 59528?
2, 7, 1063
What are the prime factors of 2464?
2, 7, 11
List the prime factors of 7249.
11, 659
List the prime factors of 229.
229
List the prime factors of 77860.
2, 5, 17, 229
List the prime factors of 87314.
2, 149, 293
What are the prime factors of 38514?
2, 3, 7, 131
List the prime factors of 31047.
3, 79, 131
What are the prime factors of 693?
3, 7, 11
What are the prime factors of 1247?
29, 43
List the prime factors of 299.
13, 23
What are the prime factors of 45221?
11, 4111
List the prime factors of 1084.
2, 271
List the prime factors of 58879.
97, 607
What are the prime factors of 909?
3, 101
List the prime factors of 410.
2, 5, 41
What are the prime factors of 7543?
19, 397
What are the prime factors of 1663?
1663
What are the prime factors of 1223?
1223
List the prime factors of 1097.
1097
What are the prime factors of 1536?
2, 3
What are the prime factors of 344?
2, 43
List the prime factors of 1234.
2, 617
List the prime factors of 2235.
3, 5, 149
List the prime factors of 2089.
2089
What are the prime factors of 228?
2, 3, 19
List the prime factors of 1858.
2, 929
What are the prime factors of 2675?
5, 107
What are the prime factors of 1085?
5, 7, 31
What are the prime factors of 17760?
2, 3, 5, 37
List the prime factors of 15094.
2, 7547
What are the prime factors of 96?
2, 3
List the prime factors of 7098.
2, 3, 7, 13
What are the prime factors of 452?
2, 113
What are the prime factors of 937?
937
List the prime factors of 88086.
2, 3, 53, 277
List the prime factors of 6306.
2, 3, 1051
List the prime factors of 5714.
2, 2857
List the prime factors of 15945.
3, 5, 1063
List the prime factors of 98155.
5, 67, 293
List the prime factors of 99715.
5, 7, 11, 37
What are the prime factors of 1574?
2, 787
List the prime factors of 2374.
2, 1187
What are the prime factors of 3730?
2, 5, 373
What are the prime factors of 1738?
2, 11, 79
List the prime factors of 801.
3, 89
List the prime factors of 889.
7, 127
What are the prime factors of 1066?
2, 13, 41
What are the prime factors of 4208?
2, 263
List the prime factors of 298.
2, 149
What are the prime factors of 7249?
11, 659
List the prime factors of 75.
3, 5
List the prime factors of 4735.
5, 947
What are the prime factors of 2489?
19, 131
What are the prime factors of 29048?
2, 3631
What are the prime factors of 12977?
19, 683
What are the prime factors of 3617?
3617
What are the prime factors of 68452?
2, 109, 157
What are the prime factors of 20011?
20011
What are the prime factors of 13974?
2, 3, 17, 137
What are the prime factors of 33718?
2, 23, 733
What are the prime factors of 1707?
3, 569
What are the prime factors of 1626?
2, 3, 271
What are the prime factors of 1282?
2, 641
What are the prime factors of 12828?
2, 3, 1069
List the prime factors of 648.
2, 3
List the prime factors of 48195.
3, 5, 7, 17
What are the prime factors of 41584?
2, 23, 113
List the prime factors of 113758.
2, 23, 2473
List the prime factors of 4864.
2, 19
List the prime factors of 4006.
2, 2003
List the prime factors of 86358.
2, 3, 37, 389
What are the prime factors of 2092?
2, 523
List the prime factors of 427.
7, 61
List the prime factors of 15306.
2, 3, 2551
List the prime factors of 133488.
2, 3, 103
What are the prime factors of 1308?
2, 3, 109
List the prime factors of 6847.
41, 167
List the prime factors of 3277.
29, 113
What are the prime factors of 915?
3, 5, 61
What are the prime factors of 569?
569
List the prime factors of 2370.
2, 3, 5, 79
List the prime factors of 71.
71
List the prime factors of 27465.
3, 5, 1831
What are the prime factors of 92722?
2, 7, 37, 179
What are the prime factors of 13785?
3, 5, 919
What are the prime factors of 36911?
7, 5273
What are the prime factors of 181?
181
List the prime factors of 1947.
3, 11, 59
List the prime factors of 128337.
3, 11, 3889
List the prime factors of 15778.
2, 7, 23
List the prime factors of 1976.
2, 13, 19
What are the prime factors of 2507?
23, 109
List the prime factors of 11595.
3, 5, 773
List the prime factors of 71568.
2, 3, 7, 71
List the prime factors of 18255.
3, 5, 1217
List the prime factors of 3346.
2, 7, 239
List the prime factors of 11240.
2, 5, 281
List the prime factors of 1476.
2, 3, 41
What are the prime factors of 26350?
2, 5, 17, 31
List the prime factors of 1207.
17, 71
What are the prime factors of 11504?
2, 719
What are the prime factors of 19952?
2, 29, 43
What are the prime factors of 21679?
7, 19, 163
List the prime factors of 12758.
2, 6379
What are the prime factors of 908?
2, 227
List the prime factors of 3962.
2, 7, 283
List the prime factors of 394.
2, 197
What are the prime factors of 6891?
3, 2297
List the prime factors of 11112.
2, 3, 463
What are the prime factors of 22005?
3, 5, 163
What are the prime factors of 1421?
7, 29
List the prime factors of 1646.
2, 823
List the prime factors of 105170.
2, 5, 13, 809
What are the prime factors of 111?
3, 37
What are the prime factors of 13493?
103, 131
What are the prime factors of 1627?
1627
List the prime factors of 4576.
2, 11, 13
What are the prime factors of 99?
3, 11
What are the prime factors of 5470?
2, 5, 547
What are the prime factors of 73858?
2, 36929
List the prime factors of 20940.
2, 3, 5, 349
List the prime factors of 28805.
5, 7, 823
What are the prime factors of 2920?
2, 5, 73
List the prime factors of 13030.
2, 5, 1303
What are the prime factors of 23711?
131, 181
List the prime factors of 18044.
2, 13, 347
What are the prime factors of 42792?
2, 3, 1783
List the prime factors of 32347.
7, 4621
List the prime fac